w = 43 - 40. What is the units digit of w?
3
Let h(w) = -w**3 - 7*w**2 - 5*w + 6. Let b be h(-6). Suppose b*s - 5*r + 17 = s, 4*r = -4*s + 52. What is the tens digit of s?
1
Let v(u) = 42*u**2 + 22. What is the hundreds digit of v(-4)?
6
Let y(z) = -z - 5. Let n be y(-11). What is the units digit of (-71)/(((-3)/6)/(3/n))?
1
Let o be (12/(-8) - -1)*-6. Suppose 0 = -4*t + 19 - o. Suppose 23 = 5*z - t*z. What is the units digit of z?
3
Suppose -5*q - 2*g = -4*g - 10, -3*g + 8 = 4*q. Suppose q*d - 228 = -2*k, -d = 4*d. What is the tens digit of k?
1
What is the hundreds digit of (3/3*-2 + 0)*-452?
9
Suppose 0 = -3*q - 5*d + 27, 3*q - 3 = -d + 4*d. Suppose 4*s + j = 3*j + 338, q*s + j = 323. What is the units digit of s?
2
Suppose -45*c = -15*c - 151740. What is the tens digit of c?
5
Let p(x) = -x + 6. Let g be p(4). Let n(k) = 15*k**2 - 3*k + 3. What is the units digit of n(g)?
7
Suppose i + 7*r - 1573 = 2*r, -5*i + 7953 = 3*r. What is the units digit of i?
3
Let l be 242/(-14) + 6/21. Let o = l + 24. What is the units digit of (5 - o)*(-22)/2?
2
Suppose 1914 = 412*n - 406*n. What is the units digit of n?
9
Let o be (-26)/(-1) + 6 + -4. Let a = -27 + o. What is the units digit of a?
1
Let z be (-9)/(-3)*(-10)/(-6). What is the units digit of (2 - z) + 74/(1 + 0)?
1
Suppose -6 = 3*t - 3*s, t - s - 6 = -2*s. Let d be (2*t)/((-8)/(-68)). Suppose 2*f - d = 46. What is the tens digit of f?
4
Let n be -118*((-14)/4 + 4). Let t = n + 111. What is the units digit of t?
2
Suppose 0 = -2*w - 4, -5*t - 46 = 4*w - w. Let b = -5 - t. Suppose -2*q - 5*z = -10, 3*z - 15 = -b*q + z. What is the units digit of q?
5
Suppose 2 = 4*v - 10, -5*v = 3*x - 33. Let k = 164 + -162. Suppose 5*a - 190 = t, 4 = k*t - x. What is the units digit of a?
9
Suppose l = 5*z + 711, -2*l = 2*z - 1680 + 306. What is the hundreds digit of l?
6
Suppose -42 = -5*o + 138. Suppose -4*m = 3*m + 28. Let q = o - m. What is the units digit of q?
0
Suppose -5*c = x - 3*x + 10374, 0 = -2*x - c + 10386. What is the units digit of x?
2
Suppose x - 228 = 3*a, 3*x = -2*x + 15. What is the units digit of 0 - a*2/3?
0
Let s be (-6930)/(-25) + 1/(-5). Suppose -s = -7*a + 10. What is the tens digit of a?
4
Suppose -7306 = -4*p + 2*b, 5*p + 1816 = 6*p - 4*b. What is the hundreds digit of p?
8
Suppose 60 = 9*h - 4*h. Let z(c) = c - 8. Let s be z(h). What is the tens digit of (10/(-3))/(s/(-24))?
2
Let f(a) = -a**3 - 15*a**2 + 15. Let r be f(-15). Let j be 10/75 + (-2)/r. Suppose 4*q + 0*q - 60 = j. What is the tens digit of q?
1
Let o(w) = w**2 - 2*w - 3. Let m(n) = -2*n**2 - n + 2. Let x be m(2). Let b = x + 12. What is the units digit of o(b)?
5
Let v(s) = s**3 + 10*s**2 + 11*s + 20. Let z be v(-9). What is the hundreds digit of 104 + (-4 - -10 - z)?
1
Suppose -2 = 2*m + 4*r, 4*m = r - 3 - 1. Let y = m + 49. What is the tens digit of y?
4
Let d = -228 - -865. What is the hundreds digit of d?
6
Let l(u) = -18*u - 26. Let j be l(-5). What is the units digit of (-160)/j*(-304)/5?
2
Suppose -226 = 2*f - 5*z, 2*f = 2*z - 6*z - 190. Let j = f + 301. What is the tens digit of j?
9
Let u(s) = s**2 - 4*s + 2. Let v be u(6). Let t = v + -16. Let x = t - -5. What is the units digit of x?
3
Let d = -21 + -3. Let v(p) = 2*p**2 + 42*p - 40. Let w be v(-23). Let n = w + d. What is the units digit of n?
8
Let s = -6 - -6. Suppose -k + 23 = -3*u, s*u = 2*k - u - 21. Let z = k - 4. What is the units digit of z?
4
Let l = -35 + 27. What is the units digit of (-122)/l*(-8)/(-2)?
1
Suppose w - 260 = -4*w. Let b = 52 + -31. Let j = w - b. What is the tens digit of j?
3
Let u(p) = 5*p**2 - 4*p - 3. Let z be -11 + (1 - -1 - -1). Let r be ((-4)/(-3))/(z/12). What is the units digit of u(r)?
5
Suppose 3*p + p - s - 2775 = 0, s = -5*p + 3471. What is the tens digit of p?
9
Let o(a) = 96*a**3 + 2*a + 1. What is the units digit of o(2)?
3
Suppose 0 = -6*l + 5*l + 1. Suppose 4*f = -0*f + 4*d + 300, d = -l. Suppose a = -a - 2*n + 116, -f = -a - 5*n. What is the units digit of a?
4
Let l(f) = f - 1. Suppose -5*r + 0 = 5. Let n(z) = 7*z - 6. Let h(a) = r*n(a) + 4*l(a). What is the tens digit of h(-3)?
1
Let g(q) = 32*q**2 - 7*q + 1. What is the tens digit of g(8)?
9
Let s(g) = 43*g**2 - 3 + 2*g + 1 - g - 2*g. What is the tens digit of s(-2)?
7
Suppose 0 = 23*l - 19*l - 2496. What is the hundreds digit of l?
6
Let g be (-23 + 17)*2/(-3). Suppose 2*w - 5*w = 4*n - 560, -g*w - n + 764 = 0. What is the hundreds digit of w?
1
Suppose -2*v + c = -122, 5*c + 85 = -5*v + 405. Suppose 0 = 2*i - 78 - v. What is the tens digit of i?
7
Suppose 4*o - 426 = -2*c, c - 5*c + 5*o = -878. What is the hundreds digit of c?
2
Suppose -3*o = -3*y + 447, -4*y + 9*y - 795 = -5*o. What is the units digit of y?
4
Let r(g) = -2*g - 8. Let a be r(-6). Suppose p = -5*b + 247, -35 - 155 = -a*b + 3*p. Suppose -2*w - 5 + b = 0. What is the units digit of w?
2
Let w be 2 + (5 - 4) + 37. Suppose 0 = o - 4*x - 12, -5*o + w - 4 = 4*x. What is the units digit of o?
8
Suppose 6 = -2*c + 2*w, c + 3*c = 5*w - 15. Suppose c*v + 24 = 3*v. Suppose l + k - 21 = 0, -l + 29 = -3*k + v*k. What is the units digit of l?
9
Let f(u) = u**3 + 5*u**2 + 4*u + 4. Suppose -v = -3*b + 19, -5*v - 2*b + 5 - 32 = 0. Let k = 3 + v. What is the units digit of f(k)?
4
Let a(s) = 8*s - 7. Suppose -y - 25 = -4*o, -y - y + 6 = 0. What is the tens digit of a(o)?
4
Suppose -14*n + 7*n = 0. Let u(g) = 11 - 7 - 3*g + 2*g + 18. What is the units digit of u(n)?
2
Let p(s) = -s**3 + 13*s**2 + 18*s - 19. Let u be 1/((-4)/(-8)*-2). Let v be u/(((-9)/14)/9). What is the units digit of p(v)?
7
Let i(l) = -l**2 + 9*l - 19. Let d be i(6). What is the units digit of (d - -1 - 1)*(-8064)/48?
8
What is the hundreds digit of (-22298)/(-7) + (-7 - 159/(-21))?
1
Let l(j) = 23*j**2 + 13*j + 3 - 4 - 21*j**2 - j. What is the tens digit of l(-9)?
5
Let o(s) = -26*s + 18. Let v(w) = -9*w + 6. Let m(x) = -5*o(x) + 14*v(x). What is the units digit of m(4)?
0
What is the hundreds digit of 21141/(-27)*2/(0 + -2)?
7
Suppose 0 = -5*n + 4*t - 8, t - 2*t + 13 = -4*n. Let w be (-4)/(2*n/8). Suppose -325 + 52 = -5*i - 4*l, -4*l + 220 = w*i. What is the tens digit of i?
5
Let t(b) = -19*b - 2. Let j be t(-14). Suppose r = -5*r + j. What is the tens digit of r?
4
Let a(g) = 1. Let y(i) = -6*i - 2. Let k(t) = -5*a(t) - y(t). What is the units digit of k(18)?
5
Let u(y) be the second derivative of y**4/4 + 4*y**3/3 + 8*y**2 - 39*y. What is the units digit of u(-10)?
6
Let x(o) = 5*o**2 + 9. Let c(n) = -5*n - n + 5*n + 17 + 9*n**2. Let r(j) = 4*c(j) - 7*x(j). What is the tens digit of r(6)?
1
Let y(w) = -w**3 - 6*w**2 + 5*w - 6. Let m be y(-7). Suppose m*q = 7*q + 27. What is the tens digit of q?
2
Let z = -10 - -14. Let p be z*2/(-4)*-2. Suppose -p*s = -38 - 70. What is the tens digit of s?
2
Suppose r = 4*r + 4*g, 0 = 3*r + g. Let l = r + -17. Let c = l + 20. What is the units digit of c?
3
Let n be -12 - -4*49/(-28). Suppose 4*v - 106 - 114 = 0. Let g = v + n. What is the units digit of g?
6
Let d be (2/(-3))/(4/(-6)). Let p be d/2 - (-5)/(-2). What is the tens digit of p + (1 - 2) + 20?
1
What is the units digit of 4/14 + 1 + 10050/7?
7
Let q(h) = 5*h - 1. Let b be (4/(-8))/((-3)/6). Let m be q(b). Suppose -m*u + 2*a - 11 = -121, 5*u - 5*a - 140 = 0. What is the units digit of u?
7
Let c(n) = n**3 + 8*n**2 - n - 7. Let p be -2 + 1 + (-14)/2. Let h be c(p). What is the units digit of ((27 - 0) + 0)/h?
7
Let z(s) = 831*s**2 + s + 3. What is the tens digit of z(-1)?
3
What is the units digit of 4/10 - (-458248)/280?
7
Suppose -3*o - d = -2699, o - 3598 = -3*o - 2*d. What is the units digit of o?
0
Let h = -74 + -93. Let n = -113 - h. What is the units digit of n?
4
Let t = 7911 + -4260. What is the hundreds digit of (-4)/18 + (-4 - t/(-27))?
1
Suppose 4 = -20*w + 19*w. What is the units digit of 5*(-2 - w) + -2?
8
What is the units digit of 17/153 - 15640/(-18)?
9
Let b be -3*(-1 - (3 + -3)). Suppose 128 = b*s - s. Let i = 111 - s. What is the tens digit of i?
4
Suppose 3*v - t - 515 = 0, -3*t + 855 = 5*v - 8*t. What is the tens digit of v?
7
Let j(k) = k**2 + 3*k + 9. Let c be 1/(-3) + (-119)/21. What is the units digit of j(c)?
7
Suppose -27 + 15 = 4*w. Let d be (-40)/(-16) + w/(-2). Suppose 9*n - 260 = d*n. What is the units dig